5).
11
Let x(v) = -v - 43. What is x(-34)?
-9
Let z(w) = w**3 - 7*w**2 + 6. Give z(6).
-30
Let h(j) = j**3 + 6*j**2 + j + 9. Calculate h(-6).
3
Let s(h) = h**3 + 2*h**2 - 4*h - 4. What is s(-3)?
-1
Let v(k) = -2*k**2 + 11*k + 64. Give v(10).
-26
Let z(v) = v**2 + 27*v - 50. Determine z(2).
8
Let f(u) = 3*u**2 + 7*u + 3. Give f(-5).
43
Let b(j) = j**3 + 13*j**2 + 12*j + 11. What is b(-12)?
11
Let t(z) = -z**2 - 14*z - 37. Determine t(-7).
12
Let m(j) = j**3 + 3*j**2 + j + 5. Give m(0).
5
Let p(z) = z**3 - 10*z**2 + 10*z + 7. What is p(9)?
16
Let u(s) = -s**2 + 8*s - 3. Calculate u(2).
9
Let r(n) = n**2. Determine r(0).
0
Let c(q) = -41*q + 160. Calculate c(4).
-4
Let i(o) = -117*o - 2455. Determine i(-21).
2
Let w(z) = z**3 - 6*z**2 + 6*z - 5. Give w(4).
-13
Let s(g) = g**3 + 8*g**2 - 3*g - 14. Calculate s(-8).
10
Let z(g) = g**3 - 6*g**2 + 3*g - 5. Give z(5).
-15
Let n(a) = -2*a**2 - a + 7. Give n(2).
-3
Let n(j) = j**3 - 6*j**2 - 10*j + 6. Give n(7).
-15
Let z(b) = -b**3 + 6*b**2 - 5*b + 4. Determine z(4).
16
Let r(k) = 4*k**3 - 10*k**2 - 2*k + 2. Determine r(3).
14
Let g(w) = 20*w - 18. Determine g(-6).
-138
Let f(t) = -t**2 - 13*t + 21. Calculate f(-13).
21
Let n(m) = -m**2 - 9*m - 5. What is n(-13)?
-57
Let q(i) = -36*i**2 + 2. Give q(1).
-34
Let g(r) = 32*r - 1. What is g(-1)?
-33
Let o(g) = -g**3 - 9*g**2 - 20*g - 14. Calculate o(-6).
-2
Let p(d) = 19*d**2 - 2*d - 1. Calculate p(-1).
20
Let a(i) = -9*i. Give a(1).
-9
Let k(g) = g - 45. Give k(23).
-22
Let g(u) = u - 4. What is g(8)?
4
Let h(r) = -r**3 - 10*r**2 - 6*r + 4. Give h(-9).
-23
Let y(c) = c**3 + 27*c**2 - 30*c - 57. Determine y(-28).
-1
Let g(v) = -v**2 - 4*v + 15. Give g(-8).
-17
Let n(p) = 14*p + 1. Give n(-1).
-13
Let v(r) = r**3 - 14*r**2 - 31*r + 12. Determine v(16).
28
Let f(k) = -k - 35. What is f(-19)?
-16
Let f(l) = -l**3 - 8*l**2 - 7*l - 8. What is f(-7)?
-8
Let c(i) = -13*i**2 - 2*i - 3. Determine c(2).
-59
Let m(t) = -t - 20. What is m(-9)?
-11
Let r(z) = z**2 - 6*z - 7. Calculate r(-5).
48
Let y(w) = 2*w + 9. Determine y(7).
23
Let m(i) = -11*i - 13. Determine m(-7).
64
Let r(v) = v**3 + 3*v**2 - 10*v + 3. What is r(-5)?
3
Let q(d) = d**3 - 3*d**2 - 24*d + 1. Determine q(7).
29
Let g(d) = d**2 - 10*d + 7. Determine g(9).
-2
Let h(w) = -w**2 - 29*w - 106. What is h(-25)?
-6
Let c(g) = -6*g - 38. Give c(-16).
58
Let v(u) = -6*u - 181. Give v(-30).
-1
Let i(h) = 3*h - 45. Calculate i(14).
-3
Let l(a) = -2*a**3 - 3*a**2 - a + 2. Calculate l(-2).
8
Let v(z) = -13*z**2 - 3*z - 4. What is v(-1)?
-14
Let b(u) = u**2 + 4*u + 1. Give b(-3).
-2
Let o(j) = 3*j + 34. Give o(-11).
1
Let x(p) = p**2 - 21*p - 37. What is x(13)?
-141
Let c(i) = 6*i**3 - 3*i**2 + 2*i - 1. Calculate c(1).
4
Let f(w) = w**2 + 24*w + 1. Give f(-24).
1
Let n(g) = 6*g**2 + 7*g + 6. Determine n(-1).
5
Let q(z) = z**2 + 26*z + 93. Calculate q(-19).
-40
Let f(m) = -11*m**2 + m + 1. What is f(-1)?
-11
Let u(a) = 5*a + 6. What is u(-5)?
-19
Let o(y) = 8*y**3 + 2*y**2 - 1. Give o(-1).
-7
Let v(t) = -t + 3. Give v(3).
0
Let v(l) = l**3 - 24*l**2 - 26*l + 29. Calculate v(25).
4
Let n(u) = -u**3 + 5*u**2 + 7*u + 5. Calculate n(6).
11
Let g(j) = -2*j**3 + 18*j**2 - 31*j + 124. Determine g(8).
4
Let y(x) = x**2 + 14*x + 2. Determine y(-14).
2
Let g(i) = 2*i**2 - i - 1. Calculate g(-3).
20
Let y(n) = 2*n**2 + 3*n. Give y(-4).
20
Let o(m) = 19*m + 50. Give o(-2).
12
Let m(o) = 11*o + 4. Calculate m(-5).
-51
Let m(h) = -h**2 + 9*h - 15. Calculate m(7).
-1
Let x(k) = -k**2 - 4*k - 5. Give x(-2).
-1
Let r(m) = -m**3 - m**2 - 49. Calculate r(0).
-49
Let w(s) = -4*s + 44. What is w(11)?
0
Let p(x) = 24*x + 308. What is p(-13)?
-4
Let l(z) = -8*z**3 + 39*z**2 + 3*z - 12. Give l(5).
-22
Let q(u) = u**3 - 4*u**2 + 4*u - 48. Give q(5).
-3
Let b(m) = m**2 - 3*m + 3. Determine b(-5).
43
Let r(b) = 3*b**2 - 5*b + 5. Calculate r(6).
83
Let c(q) = 3*q + 3. Determine c(2).
9
Let h(w) = w**3 - 2*w**2 + 1. Give h(1).
0
Let v(q) = 2*q**3 - 13*q**2 - 10*q + 3. Calculate v(7).
-18
Let y(r) = -r + 14. What is y(0)?
14
Let c(a) = a**3 - 14*a**2 - 14*a - 21. Give c(15).
-6
Let d(l) = 3*l - 20. Give d(8).
4
Let j(p) = -p**2 - 65*p - 343. Calculate j(-59).
11
Let d(k) = -k**2 + 5*k + 5. What is d(6)?
-1
Let a(r) = 55*r**2 + 661*r + 12. Determine a(-12).
0
Let o(u) = 108*u - 643. Calculate o(6).
5
Let j(z) = z**2 - 2*z - 13. Calculate j(4).
-5
Let c(j) = -j**2 - 9*j - 12. Give c(-9).
-12
Let g(p) = -p**3 + 11*p**2 - 13*p - 2. Determine g(9).
43
Let y(k) = 2*k - 10. What is y(4)?
-2
Let f(l) = l**2 + 9*l + 13. Determine f(-6).
-5
Let i(o) = 35*o - 212. What is i(6)?
-2
Let u(x) = -x**3 + 9*x**2 + 4*x - 2. Give u(9).
34
Let l(k) = -k**3 - 5*k**2 + 8. Give l(-3).
-10
Let r(k) = k**3 - 23*k**2 + 22*k - 2. Calculate r(22).
-2
Let h(g) = -g**3 + 10*g**2 - 18*g + 13. What is h(8)?
-3
Let g(x) = -x**3 - 2*x - 5. What is g(0)?
-5
Let p(m) = -m**3 - 15*m**2 - 14*m - 10. Give p(-14).
-10
Let w(k) = k**2 - 18*k + 24. Determine w(16).
-8
Let o(c) = -8*c + 200. What is o(25)?
0
Let a(o) = 86*o - 420. Determine a(5).
10
Let u(w) = -w**3 - 8*w**2 - w - 19. Calculate u(-8).
-11
Let p(f) = 7*f - 1. Determine p(2).
13
Let o(q) = -6*q**2 - 2. What is o(1)?
-8
Let u(b) = -b + 2. Calculate u(6).
-4
Let f(u) = -12*u + 58. Determine f(12).
-86
Let k(a) = 2*a**2 + 18*a + 20. Calculate k(-7).
-8
Let x(q) = 26*q**3 - 3*q**2 + 4*q - 2. Calculate x(1).
25
Let m(s) = 17*s**2 + 3*s + 4. Calculate m(-3).
148
Let i(q) = q**3 - 6*q**2 - 8. Calculate i(5).
-33
Let r(o) = o**3 + 9*o**2 + 7*o + 2. Determine r(-6).
68
Let g(i) = i**3 - 8*i**2 + i + 65. What is g(5)?
-5
Let l(x) = 2*x**3 + 48*x**2 - 51*x - 30. What is l(-25)?
-5
Let v(z) = -105*z + 1. Give v(1).
-104
Let l(f) = f - 26. Give l(27).
1
Let b(i) = -3*i**2 + 10*i + 23. Determine b(7).
-54
Let x(u) = -3*u**2 - 2*u + 2. What is x(-3)?
-19
Let v(p) = 91*p**3. Give v(1).
91
Let o(g) = 2*g**2 + 8*g - 1. Calculate o(-6).
23
Let v(f) = f**2 - 14*f - 33. Give v(16).
-1
Let l(d) = -d**2 - 5*d + 4. Calculate l(-6).
-2
Let k(l) = -12*l + 98. Give k(8).
2
Let z(x) = x + 49. What is z(18)?
67
Let w(q) = q**3 + 15*q**2 + 13*q - 6. What is w(-14)?
8
Let s(q) = q**3 + 3*q**2 - 3*q - 3. Give s(-4).
-7
Let o(q) = -q**3 - 18*q**2 + 18*q - 8. Determine o(-19).
11
Let x(z) = z**2 - 11*z - 4. Determine x(11).
-4
Let q(p) = -6*p**2 - 12*p + 21. Give q(2).
-27
Let g(w) = w**3 + w**2 + 4*w + 3. Calculate g(-2).
-9
Let y(a) = -2*a**2 + 34*a + 26. Determine y(18).
-10
Let q(c) = -6*c + 48. Calculate q(6).
12
Let v(w) = -4*w**3 - 3*w**2 + 3*w - 5. Give v(2).
-43
Let k(v) = 2*v**2 + 12*v + 9. Determine k(-8).
41
Let z(p) = -22*p**3 - p**2 - p + 3. Calculate z(1).
-21
Let m(x) = 4*x - 25. Calculate m(6).
-1
Let y(z) = -z**3 - 9*z**2 - 2. Determine y(-9).
-2
Let p(u) = -u**2 + 2*u + 15. Determine p(5).
0
Let x(y) = -10*y**3 + y**2. Determine x(1).
-9
Let f(n) = -6*n - 148. What is f(-26)?
8
Let q(i) = -14*i - 53. Give q(-4).
3
Let m(n) = -n**3 + 12*n**2 - 12*n + 14. Determine m(11).
3
Let c(u) = u**3 + 5*u**2 - 3*u + 19. Determine c(-6).
1
Let z(w) = 3*w - 28. Calculate z(19).
29
Let n(j) = j**3 + 27*j**2 - 25*j + 70. What is n(-28)?
-14
Let i(r) = -31*r + 202. Give i(8).
-46
Let c(a) = -a**3 + 14*a**2 - 24*a + 11. Calculate c(12).
11
Let a(m) = m**3 + 5*m**2 + m - 9. Determine a(-4).
3
Let y(z) = z**3 + 4*z**2 - 1. What is y(-3)?
8
Let g(c) = -c**2 - 7*c + 1. Calculate g(-5).
11
Let f(d) = d**2 - 9*d + 2. Give f(6).
-16
Let c(d) = -d**2 + 13*d + 14. Determine c(14).
0
Let l(f) = f**2 - 24. What is l(0)?
-24
Let z(x) = 12*x - 88. Give z(7).
-4
Let l(y) = 3*y**2 - 2*y. What is l(2)?
8
Let h(m) = m**2 - 10*m - 20. Give h(12).
4
Let a(i) = 11*i - 100. Determine a(9).
-1
Let t(y) = y**3 - 2*y**2 - 5*y - 3. Determine t(-3).
-33
Let o(i) = -i**3 + 9*i**2 - 13*i. Calculate o(7).
7
Let g(u) = -2*u - 26. Give g(-10).
-6
Let x(r) = -r**2 - 10*r - 4. Determine x(-10).
-4
Let h(t) = -9*t**3 - 2*t**2 + t + 2. Calculate h(-2).
64
Let a(r) = r**3 - 3*r**2 + 3*r + 5. Give a(4).
33
Let n(j) = -9*j + 39. What is n(10)?
-51
Let l(i) = 2*i**3 - 3*i + 5. What is l(2)?
15
Let r(a) = -6*a + 2. Calculate r(-9).
56
Let u(a) = -41*a + 305. Determine u(8).
-23
Let f(g) = g**3 - g**2 - 3*g + 4. Determine f(3).
13
Let u(x) = 6*x**2 + x + 13. What is u(-4)?
105
Let w(c) = c